rue
Is 88777612843 prime?
True
Is 46489349497 prime?
True
Is 4162651099 a composite number?
False
Is 76732119293 a composite number?
False
Is 18343179577 a prime number?
False
Is 43392209087 a composite number?
True
Is 56486721191 prime?
True
Is 60913871 prime?
True
Is 1541338117 prime?
False
Is 86268911 composite?
True
Is 14409740129 a composite number?
True
Is 139238591 a prime number?
False
Is 1351198239 composite?
True
Is 7931968561 composite?
True
Is 1016741767 prime?
True
Is 48609607 composite?
False
Is 6940835227 a prime number?
False
Is 3291982565 a composite number?
True
Is 156399413389 prime?
False
Is 100876553 composite?
True
Is 228547623441 a prime number?
False
Is 20705222333 a prime number?
True
Is 4734941907 a prime number?
False
Is 71085296413 prime?
True
Is 112047588917 a composite number?
True
Is 28696922789 composite?
True
Is 1752847429 prime?
False
Is 5672075209 prime?
False
Is 8415408343 prime?
False
Is 10069748165 a composite number?
True
Is 2119996531 prime?
False
Is 455371019 a composite number?
False
Is 79737211589 a prime number?
False
Is 9242817097 a prime number?
False
Is 5067828797 a prime number?
False
Is 1610903663 a composite number?
True
Is 2320500467 prime?
True
Is 7056301283 prime?
False
Is 28471054369 prime?
False
Is 7648353101 prime?
True
Is 381788152211 prime?
True
Is 21652412417 a composite number?
True
Is 1497825547 composite?
True
Is 10285983139 a composite number?
False
Is 21024746341 prime?
False
Is 3166471159 prime?
False
Is 7153310965 a prime number?
False
Is 1394212726 composite?
True
Is 18615186061 a composite number?
True
Is 75730139 composite?
True
Is 764169467 a composite number?
True
Is 44429057 a prime number?
False
Is 6924682231 a prime number?
False
Is 333236131 composite?
True
Is 786173027 a composite number?
False
Is 96367381 prime?
False
Is 33246419 a composite number?
False
Is 3122200985 a composite number?
True
Is 11318315629 prime?
True
Is 3361977158 prime?
False
Is 2631980129 a prime number?
True
Is 2262699653 composite?
True
Is 2819274671 a composite number?
True
Is 151459921 prime?
True
Is 43558612991 composite?
False
Is 28310508661 prime?
True
Is 1277440621 prime?
True
Is 6574396681 a prime number?
False
Is 1159403057 a prime number?
True
Is 196268399 composite?
True
Is 85884129839 composite?
True
Is 1520334917 a prime number?
False
Is 14738951 a composite number?
True
Is 3277808119 prime?
True
Is 356770591 prime?
False
Is 34445612269 a composite number?
False
Is 2309796641 composite?
False
Is 168088750663 a composite number?
True
Is 548555491 a composite number?
True
Is 85728041279 prime?
True
Is 464840063 composite?
False
Is 12796161947 prime?
True
Is 4386407443 composite?
True
Is 2111522291 a prime number?
False
Is 1181337527 a composite number?
True
Is 11648095507 a prime number?
False
Is 3533452387 prime?
True
Is 2782006483 a composite number?
True
Is 4691145457 prime?
False
Is 8519880541 a prime number?
True
Is 2737960723 composite?
True
Is 285763733 a prime number?
True
Is 3230437097 a composite number?
False
Is 262545625799 composite?
True
Is 15670960523 composite?
True
Is 12850860307 prime?
False
Is 6873096513 a composite number?
True
Is 451947943 prime?
True
Is 24602887235 prime?
False
Is 3914009765 composite?
True
Is 19982154259 prime?
False
Is 5682803681 prime?
True
Is 17947247671 a composite number?
False
Is 48538391117 a composite number?
True
Is 91079711237 prime?
False
Is 13975097593 a prime number?
False
Is 1659589733 prime?
False
Is 21294170749 composite?
True
Is 14676882523 a composite number?
False
Is 57568689631 a prime number?
True
Is 37555643 composite?
False
Is 218382491 a prime number?
True
Is 96837231007 a prime number?
False
Is 6656425179 a composite number?
True
Is 8035813451 a prime number?
True
Is 111655962877 composite?
False
Is 2559363701 composite?
False
Is 47669759089 a prime number?
False
Is 7406624683 composite?
True
Is 4743481907 prime?
True
Is 1357206485 prime?
False
Is 6100140919 a prime number?
False
Is 10714893881 a composite number?
True
Is 582315479 a composite number?
True
Is 10740816131 composite?
False
Is 24250382251 a composite number?
False
Is 3763293103 a prime number?
True
Is 1553059373 composite?
True
Is 2383474451 prime?
False
Is 9249705281 composite?
True
Is 16544378567 prime?
True
Is 23207167 composite?
False
Is 9830079901 a prime number?
True
Is 71871109 a prime number?
False
Is 8940252273 a prime number?
False
Is 56767110089 a prime number?
True
Is 8328556759 a prime number?
True
Is 63401269759 a prime number?
False
Is 3333837127 composite?
False
Is 437404391 prime?
False
Is 367572946973 composite?
False
Is 431068667 a composite number?
False
Is 491854400833 composite?
True
Is 1722982379 composite?
False
Is 56934269467 prime?
False
Is 1366281781 composite?
False
Is 937431529 prime?
True
Is 4536739997 composite?
True
Is 5844437687 a prime number?
False
Is 83621669 prime?
False
Is 725427947 composite?
False
Is 47298779153 prime?
True
Is 60285305831 composite?
False
Is 290677101951 a composite number?
True
Is 12837596713 a composite number?
True
Is 3824226589 prime?
False
Is 1380350081 a prime number?
False
Is 133627200073 a composite number?
False
Is 63491401346 a composite number?
True
Is 121006831233 prime?
False
Is 246758048183 composite?
False
Is 292122139 prime?
True
Is 899452409 a composite number?
False
Is 2913037609 composite?
False
Is 61537407713 prime?
True
Is 1060362673 a composite number?
False
Is 12527031703 a composite number?
True
Is 823743077 composite?
False
Is 168384275903 a composite number?
False
Is 230119907 prime?
False
Is 25158977561 prime?
True
Is 7194283337 composite?
False
Is 954807743 a prime number?
False
Is 406567663 composite?
True
Is 85307641 a composite number?
True
Is 14033694929 a prime number?
True
Is 2132426785 prime?
False
Is 655805123 a composite number?
False
Is 8793649927 composite?
True
Is 23081290651 composite?
False
Is 301238971 composite?
True
Is 12485197349 a prime number?
True
Is 15103518679 prime?
True
Is 6127696889 a composite number?
False
Is 8725865681 prime?
False
Is 890730557 prime?
False
Is 4694096183 a composite number?
True
Is 571475557 a composite number?
False
Is 16114679879 a prime number?
True
Is 2355627521 prime?
False
Is 50010384497 prime?
False
Is 28772263477 a prime number?
True
Is 9027762241 prime?
True
Is 58538485963 prime?
False
Is 4964145343 a composite number?
True
Is 1964923547 a composite number?
False
Is 9959204317 a prime number?
True
Is 10066687899 a prime number?
False
Is 7860697459 a prime number?
False
Is 17017261 prime?
True
Is 79162709 composite?
False
Is 12837032493 composite?
True
Is 741508597 composite?
True
Is 7539845815 prime?
False
Is 382788443 a composite number?
True
Is 3087721015 a prime number?
False
Is 484327469 a prime number?
False
Is 17401537 composite?
True
Is 24533302865 a composite number?
True
Is 921024289 a prime number?
True
Is 2016928141 a composite number?
False
Is 17458588783 a composite number?
False
Is 1259100361 prime?
True
Is 21476381981 prime?
True
Is 3987129409 composite?
True
Is 3122641793 a prime number?
True
Is 25842454349 prime?
False
Is 682593083 a prime number?
False
Is 2172137257 a prime number?
True
Is 24954933193 composite?
False
Is 326393791 composite?
True
Is 56312183149 a prime number?
True
Is 1262779421 composite?
True
Is 2945836453 prime?
False
Is 5832812339 composite?
True
Is 78427099 composite?
False
Is 6443081 a prime number?
True
Is 490053217 a composite number?
True
Is 53460252691 a composite number?
True
Is 1143607697 composite?
True
Is 664273943 a composite number?
False
Is 373950943 a prime number?
True
Is 14445424933 prime?
False
Is 17355323 a composite number?
True
Is 6307427327 a composite number?
False
Is 4031667011 a prime number?
False
Is 3079702499 a prime number?
True
Is 1172189995 a prime number?
False
Is 2122717717 composite?
False
Is 86231524663 a composite number?
True
Is 247942441 a prime number?
True
Is 1002576431 a composite number?
False
Is 11986760519 a prime number?
True
Is 146446873 a composite number?
False
Is 1582153043 a composite number?
False
Is 860125037 composite?
False
Is 742524763 composite?
True
Is 203171354 composite?
True
Is 375639793 a prime number?
False
Is 145324